
59
Let r = 105 + -105. Suppose r = 2*a - t - 82, 0 = 3*a - 0*a + 2*t - 137. Calculate the remainder when a is divided by 11.
10
Suppose 2*y + 3151 = 3*n, 4*n + 4*y + 300 = 4508. What is the remainder when n is divided by 62?
59
Let j(g) = 2*g**2 - 48*g - 8. Calculate the remainder when j(25) is divided by 16.
10
Let f = -110 + 145. Calculate the remainder when 67 is divided by f.
32
Suppose 0 = -14*p - 1 + 309. What is the remainder when p is divided by 9?
4
Suppose -5*b + 4 + 31 = 0. Suppose b = c - 78. Calculate the remainder when c is divided by 11.
8
Suppose v - 34 = -q, -6*q = -4*q - v - 83. Calculate the remainder when 426 is divided by q.
36
Let u be 84/8 + (-2)/(-4). Suppose 12*g = 13*g + u. Let i = g + 96. What is the remainder when i is divided by 22?
19
Let u = 2 + 1. Calculate the remainder when (16/72)/(5/315) is divided by u.
2
Let k(x) = x**3 + 36*x**2 + 37*x + 101. What is the remainder when 56 is divided by k(-35)?
25
Let g(b) = -b**3 - 4*b**2 - 7*b - 4. Let n be -15 + 12 - (-1 - 2). Let c be (-2 - n)/(-2)*-2. What is the remainder when 8 is divided by g(c)?
0
Let q = 287 + -204. Let i = 22 + -1. Calculate the remainder when q is divided by i.
20
Suppose 10*o = 7*o + 285. Let f be (-1)/4 + (-9)/(-4). Suppose l = -4*q + f*l + o, -37 = -2*q - 3*l. Calculate the remainder when q is divided by 5.
3
Let m(r) = -7*r**2 - 2*r - 1. Let z(p) = p**2 + p. Let h(l) = -m(l) - 5*z(l). Calculate the remainder when 59 is divided by h(-2).
14
Let o = -1457 - -1468. Calculate the remainder when 911 is divided by o.
9
Let r(l) = -l**3 - 2*l**2 - 4*l - 1. What is the remainder when 28 is divided by r(-3)?
8
Let l(j) = 31*j + 101. Suppose -2*y + 12 = 2*s, -4*y + 19 = -y + 2*s. Calculate the remainder when l(-2) is divided by y.
4
Let v(l) = -50*l + 21 - 46*l + 97*l. What is the remainder when v(12) is divided by 11?
0
Suppose 5*l + 331 = 4*r + 1001, 3*l = 2*r + 402. Suppose 4*n = 4*b - 120, -2*n = 5*b - 3*n - l. What is the remainder when b is divided by 7?
5
Let c = 23 - 11. Calculate the remainder when 46 is divided by c.
10
Let t = 39 - 16. Calculate the remainder when 63 + (-8)/36 + 29/9 is divided by t.
20
Calculate the remainder when 647 is divided by 168/1 - (-17 + 31 + -10).
155
Suppose -5*r - 8 = -s + 3*s, 5*s = -5*r - 20. Suppose q - 23 - 13 = r. Calculate the remainder when q is divided by 10.
6
Calculate the remainder when 52 is divided by (627/44)/(18/48).
14
Let z be ((-4)/12)/((-3)/54). Let c be -1 + (2 - 5) + z. Suppose -3*y + 0*y = 5*v - 88, -3*v + 68 = -c*y. Calculate the remainder when 78 is divided by v.
18
Let r = 23 - 11. Let k be (r/(-16))/((-2)/8). Suppose -133 + 22 = -k*d. Calculate the remainder when 145 is divided by d.
34
Let m(n) = 2*n**3 - 5*n**2 + 10*n - 5. What is the remainder when m(4) is divided by 21?
20
Let u be 10/(-4)*20/(-25). Suppose 0 = -5*w + 2*r + 90, 29 = 3*w - u*r - 21. Suppose 0*c + 4*c = w. Calculate the remainder when 13 is divided by c.
3
Let k be 97 + -3*(-5)/(-3). What is the remainder when 135 is divided by 1/(96/k + -1)?
20
Let g(z) = z - 3. Let i be g(7). Suppose -5*x = 7 + 3, i*x - 8 = -4*b. Suppose b*j - 113 = 143. Calculate the remainder when j is divided by 11.
9
Let u(l) = -l**2 + 16*l + 28. Let i(y) be the first derivative of 21*y**2 - y - 1. What is the remainder when i(2) is divided by u(16)?
27
Let i(h) = -h**3 + 11*h**2 + 13*h + 10. Let p be (-4)/6*108/(-6). What is the remainder when i(p) is divided by 12?
10
Suppose p - 39 = -4*y, 18 + 102 = 5*p + 5*y. Calculate the remainder when 49 is divided by p.
11
Suppose 7*l = -57 + 1. Let f = 20 + 82. Calculate the remainder when f is divided by (-26)/7*l/(64/56).
24
Suppose 4*z - 2*z - 5*c = 18, -4*z - c = -14. Suppose 3*t + y - 102 = 140, -5*y = z*t - 308. What is the remainder when t is divided by 14 - -1*(0 - (1 + -4))?
14
Suppose 3*f = 7*f - 284. Let s be ((-38 - 2) + -2)*1. Let q = f + s. What is the remainder when q is divided by 10?
9
Suppose 0 = -4*w + 44 - 4. Suppose 4*a + 0*g - 156 = 3*g, 2*a - 78 = -4*g. What is the remainder when a is divided by w?
9
Suppose -32 = -134*b + 130*b + 2*s, 0 = -b + 4*s + 1. What is the remainder when 1151 is divided by b?
8
Suppose 12 = -19*p + 23*p, -4*z + 5*p + 281 = 0. What is the remainder when 132 is divided by z?
58
Let x be (-10)/(-2 - (-35)/15). What is the remainder when (4 - 6)*-10*x/(-4) is divided by 19?
17
Let k(q) = -5*q + 303. Let y be k(0). Suppose 6*w - 819 = y. What is the remainder when w is divided by 38?
35
Let u(g) = -9*g + 25. Calculate the remainder when 127 is divided by u(-2).
41
Let t(r) = r**2 + 6*r + 3. Let u be t(-6). Suppose -u*a + 2*a - 23 = i, -67 = 3*i + 5*a. Let x = -4 - i. What is the remainder when 59 is divided by x?
19
Let y = 3228 - 1877. What is the remainder when y is divided by 52?
51
Suppose -34*q - 720 = -58*q. Calculate the remainder when 79 is divided by q.
19
Let v = 88 + 8. What is the remainder when v is divided by 43?
10
Let c be (-51)/4 + 1/(-4). Let o = 35 + c. What is the remainder when o is divided by 36/16*(-2 - -1*6)?
4
Calculate the remainder when 77 is divided by (-28)/(-6)*(-11)/((-154)/60).
17
What is the remainder when 125 is divided by (-21 - -18)/((-1)/7)?
20
Let z(f) = -f**2 + 2*f + 16. Calculate the remainder when 74 is divided by z(0).
10
Let z(y) = -y**3 - 6*y**2 - 13*y - 34. Calculate the remainder when (33/2)/(1/2) is divided by z(-5).
3
Let c(f) = -f**3 - 3*f**2 + 3. What is the remainder when c(-3) is divided by 5/(-15)*(0 + -6)?
1
Suppose -5*d - 5*j + 805 = 0, -312 = -d - d - 4*j. Calculate the remainder when d is divided by 94.
72
Suppose 185*i + 4199 = 202*i. What is the remainder when i is divided by 82?
1
Let q = 906 - 894. Suppose -12 = -4*l + 12. Let z(h) = h**3 - 5*h**2 - 4*h - 5. What is the remainder when q is divided by z(l)?
5
Let b(z) = z**2 + 12*z + 1. Let q be b(-13). Let u = 14 - q. Suppose -3*d = -x - 4*d + 19, u = -3*d. What is the remainder when 74 is divided by x?
17
Suppose u + 3*k - 175 = -4*u, k - 109 = -3*u. Suppose 0 = -2*q + 132 - u. Let d(f) = f**2 + 4*f + 3. What is the remainder when q is divided by d(-7)?
23
Suppose 0 = -2*p + 51 - 9. Let d(o) = -2*o - 8. What is the remainder when p is divided by d(-8)?
5
Let r = 1558 + -1492. What is the remainder when r is divided by 43?
23
Let h be 4*(5/20 - 0). What is the remainder when 485/10 - (-1)/(-2) is divided by (3 - (4 - -1))*-5*h?
8
Let v = 109 + 77. Suppose v = 5*j + j. Calculate the remainder when (-61)/(1 + 6/(-4)) is divided by j.
29
Suppose -5*f = -2*q - 125, -2*q - 27 = -2*f + 17. Suppose 3*s = 6 + f. Suppose 27 = z - 5*t, 2*z - z - t = 19. What is the remainder when z is divided by s?
6
Let i = 9 + -18. Let w = -26 - i. Let h = 28 + w. Calculate the remainder when 21 is divided by h.
10
Suppose -43*c = 21*c - 1984. What is the remainder when 454 is divided by c?
20
Let w be (-30)/(-25)*(-35)/(-2). Suppose w*m = 13*m + 56. What is the remainder when 54 is divided by m?
5
Suppose -10 = -5*c, 2*c - 5*c + 19 = q. Suppose 13*k = 10*k - r + 79, 4*r = 16. Calculate the remainder when k is divided by q.
12
Suppose -5*w - 10 = 15. Calculate the remainder when 8 is divided by 258/30 + w - 6/10.
2
Let b = -19 - -75. What is the remainder when 163 is divided by b?
51
Suppose -4*j - 335 = -3*m + 45, 2*j + 252 = 2*m. Let y = -1696 - -1710. What is the remainder when m is divided by y?
12
Suppose 2 = 6*s + 20. What is the remainder when 1 + s + -1 + 2 + 46 is divided by 26?
19
Let g = -78 - -155. Suppose -x + 30 = -r + g, 0 = 2*r - x - 96. What is the remainder when 192 is divided by r?
45
Suppose -4*s + 5*s = 5. Suppose 8 = 4*c - 5*h, -c + 4 - 5 = -2*h. Suppose c*u = 8*u - 24. What is the remainder when u is divided by s?
4
Let z = 12 - 8. Suppose -d - 30 = z*d. Calculate the remainder when 17 is divided by (-3)/d - (-33)/6.
5
Let w(k) = 9*k**3. Let t = 12 + -11. Let b be w(t). Let m = 13 - b. What is the remainder when 6 is divided by m?
2
Let t(v) = 2*v**2 - 67*v + 73. Calculate the remainder when t(34) is divided by 55.
52
Suppose 5*t - 50 = -5*k, 12 = -2*k - k. What is the remainder when (-5)/(3 + -28) - 269/(-5) is divided by t?
12
What is the remainder when 104 is divided by 8 - 2 - -1 - -11?
14
Let v = 0 - 3. What is the remainder when (-18)/(-